t x be s(8). Calculate u(x).
-6
Let s(q) = q**2 - q. Suppose 15 = -b - 5. Let v be (4/(-10))/((-4)/b). Determine s(v).
6
Suppose -16 = 4*b - 0*b - 2*v, 0 = 2*b + 4*v + 28. Let k(s) = -s - 7. Give k(b).
-1
Let v(j) be the second derivative of j**5/20 + 2*j**4/3 - 3*j**3/2 - 6*j**2 - 7*j. Determine v(-9).
-12
Let z(k) = k**3 - 4*k**2 - 2*k - 4. Let f be (-24)/16*(-8)/3. Determine z(f).
-12
Let w(l) = -l**2 - 7*l - 5. Let u be w(-7). Let j(x) = x**2 + 2*x + 3. Determine j(u).
18
Let s(c) = c**3 + 2*c**2 + 4. Let x be s(-3). Let z(l) = -7*l**2 - 15*l - 7. Let i(n) = 3*n**2 + 7*n + 3. Let r(h) = -5*i(h) - 2*z(h). Determine r(x).
-1
Let f(a) = a**2 + 4 + 2*a - 4*a**2 + 2*a**2 + a**3. Determine f(3).
28
Let r(h) = -3*h**2 - 3. Let z(p) be the first derivative of -8*p**3/3 - 8*p - 1. Let u(t) = 14*r(t) - 5*z(t). Determine u(-2).
-10
Let z(l) = -l**2 - 2 + 171*l + 2*l**2 - 168*l. Let o be 3*(-1 - 7/(-3)). Suppose -o*p + 7*p = -6. What is z(p)?
-4
Suppose 0 = -4*j + 5*t - 15, -j = -2*j - 5*t - 10. Let k(h) = -4*h**2 - 5*h - 4. Let a(z) = 3*z**2 + 5*z + 4. Let g(o) = -3*a(o) - 2*k(o). Calculate g(j).
-4
Let k(c) = -5*c + 8. Let h(p) = p. Let u(n) = 75*n - 129. Let s(g) = 6*h(g) + u(g). Let i(w) = 33*k(w) + 2*s(w). Suppose -4*t - 8 = -6*t. Give i(t).
-6
Let s be 15/12 - 6/(-8). Let v(l) = -1 - l**s + 2*l + 2*l**3 - 1 - 3*l. Calculate v(2).
8
Let n(w) = w - 1. Let o(m) = -m + 8. Let a(l) = l**3 + 5*l**2 - l - 1. Let r be a(-5). Let t(s) = r*n(s) + o(s). Determine t(-5).
-11
Let n be -1 - -1 - 1*-4. Let k be 50/4 - n/8. Let i be ((-2)/(-3))/(2/k). Let b(w) = -w**2 + w + 3. Calculate b(i).
-9
Let h(s) be the first derivative of s**6/30 + s**4/24 + s**3/6 + 2*s**2 - 1. Let x(b) be the second derivative of h(b). Calculate x(-1).
-4
Suppose 4 + 0 = 4*m. Let c = m + 1. Let l(z) = z**2 - 2*z + 3. Let w(j) = j**2 - 2*j + 3. Let d(p) = 6*l(p) - 7*w(p). Calculate d(c).
-3
Let f(l) be the second derivative of l**3/6 + l**2 - l. Suppose 4*a + a + 25 = 0. Let m = 0 + a. Give f(m).
-3
Let z be -1 + -1 + (4 - 2). Suppose 0*i + 4*i = z. Let b(j) = -j + 5. Calculate b(i).
5
Let b(q) be the first derivative of q**2/2 - 6*q + 5. Give b(0).
-6
Let z(r) be the third derivative of -r**6/120 + 7*r**5/60 + 7*r**4/24 + 4*r**3/3 - 6*r**2. Calculate z(8).
0
Let l(r) be the second derivative of r**7/840 + r**6/72 + r**5/40 - r**4/6 + 4*r**3/3 - 8*r. Let q(c) be the second derivative of l(c). What is q(-3)?
5
Let d(k) = -3*k + 8. Let z(t) = 3*t - 7. Let o(p) = -5*d(p) - 6*z(p). Let m be 3*(-2)/(-4)*-2. Determine o(m).
11
Let u(h) = -6*h**3 + 5*h**2 - 6*h + 5. Let l(w) = 6*w**2 - 31*w + 24*w + 3*w**2 - 3*w**2 - 6*w**3 + 6. Let b(g) = -4*l(g) + 5*u(g). What is b(1)?
-6
Let g(z) be the first derivative of z**4/2 + z**3 + z**2 - z - 2. What is g(-2)?
-9
Suppose 2*i - 3*i = 1. Let o(n) = n**2 + 2*n + 1. What is o(i)?
0
Let w(m) = -4*m**3 + 18*m**2 + 21*m - 13. Let x(q) = 3*q**3 - 12*q**2 - 14*q + 9. Let p(h) = -5*w(h) - 7*x(h). Calculate p(-5).
12
Let h(b) = b**2. Let x(i) = 4 - 1 + 6*i + 7*i**2 - 2*i**2. Let d(j) = -4*h(j) + x(j). Determine d(-4).
-5
Let f(q) = -q. Let r(p) = 3*p - 1. Let a(k) = -6*f(k) - r(k). Let c(g) = -13*g - 4. Let d(s) = 9*a(s) + 2*c(s). What is d(-1)?
0
Let f(y) = 25 - 14 - 2*y**2 - 6*y - 17. Calculate f(-4).
-14
Suppose f - 5*f = 0. Suppose d = -f*d - 4. Let p(k) = 3*k**2 + 2*k**2 + 3*k + k**3 + 1 - 3. Determine p(d).
2
Let c(b) = 11*b**3 + 18*b**2 + 7*b - 4. Let w(t) = 7*t**3 + 12*t**2 + 5*t - 3. Let f(x) = 5*c(x) - 8*w(x). Give f(-5).
4
Suppose -3*u = -5*k + 25, u - 4*u - 5 = 5*k. Let y = 1 + k. Let l(p) = p**3 - 2*p**2 - 3*p + 3. Calculate l(y).
3
Suppose 5*k = -3*u + 24, u + 12 = 4*k + k. Let t(d) be the third derivative of u*d**2 + 0*d + 0 - 1/6*d**4 + 1/3*d**3 + 1/60*d**5. Determine t(3).
-1
Let m(s) = -4*s**3 - 3*s**2 + 2. Let v(o) = -5*o**3 - 4*o**2 - o + 3. Let p(i) = 3*m(i) - 2*v(i). Calculate p(-2).
8
Let u(t) = t**2 + 2*t - 7. Let y(g) = g**3 - 11*g**2 - 11*g + 13. Let a be y(12). Suppose -5*i = a - 0. Calculate u(i).
8
Suppose h = -s + 21, 2*h - s = -25 + 76. Suppose 2*o + h = 3*r + 6*o, 0 = 2*r - 5*o + 7. Suppose -r*x = -8*x - 12. Let u(d) = -d + 2. Determine u(x).
5
Let a be 4 - (6/4)/(6/36). Let u(q) be the third derivative of q**4/24 + 2*q**3 - q**2. Calculate u(a).
7
Suppose 4*r - 18 = -6. Suppose 3*b - 4*j + 4 = -0*j, -j + 1 = r*b. Suppose b = 3*z + 12. Let d(g) = g**3 + 4*g**2. What is d(z)?
0
Let x(c) = -26*c**3 + 14*c**3 - 8 - 6*c + 11*c**3 + 8*c**2. Determine x(7).
-1
Let w(r) = r**2 - 4 + 1 + 4 + 3*r - 2. Suppose -n = n + 6. Determine w(n).
-1
Let x(l) = -l**3 + 6*l**2 - l + 6. Let r = 10 - 3. Let a = r - 7. Suppose -18 = -a*h - 3*h. Determine x(h).
0
Let f(u) be the third derivative of -5*u**4/24 + u**3/3 + 6*u**2. Determine f(-2).
12
Let r be 4/6 - (-10)/3. Suppose 0*d - r = d. Let a(k) = -k**2 - 4*k - 1. Give a(d).
-1
Let z(d) = -5. Let j(u) = -u - 1. Let l(m) = -2*j(m) + z(m). Let s(k) = k**2 - 14*k + 3. Let o be s(12). Let i be (-75)/o + (-12)/(-28). What is l(i)?
5
Suppose -2*f = -f + 4. Let c(s) = -6*s**2 - 6*s + 5. Let x(j) = j**2 - 1. Let n(o) = -c(o) - 5*x(o). Calculate n(f).
-8
Suppose 2*o = -4*q + 14, 2*o + 4*q = -2*o + 12. Let c = -4 + 7. Let f(s) = -6*s**3 - 25*s + 27*s - 2 + c. Give f(o).
5
Let k(f) = 6 - 3*f + f - 5*f**2 + 4*f**3 - 3*f**3. Suppose -3*l = -2*j + 23, -24 = -j + 5*l - l. Let m(i) = 2*i - 3. Let h be m(j). Give k(h).
-4
Let f(h) = 6*h - 3 + 95*h**2 - 94*h**2 + 12. Determine f(-6).
9
Suppose v = -5*a + 21 - 0, 5*a - 17 = -2*v. Let j(y) = -y**2 + 2*y - 1. What is j(a)?
-16
Let o(c) = -5*c**2 + 1 + 12*c**3 - 13*c**3 + 8*c - 9*c. Calculate o(-2).
-9
Let v(h) = -12*h**2 - 4*h + 3*h - 3 + 11*h**2 + 5*h. Give v(2).
1
Let u(m) = -9*m**2 + 19*m - 15. Let d(o) = 5*o**2 - 10*o + 8. Let j(x) = 11*d(x) + 6*u(x). Determine j(-6).
10
Let o(x) = -x - 3. Let h be o(-4). Let z(n) = -2*n + 1 - 2 + 3*n + 811*n**2 - 807*n**2. Determine z(h).
4
Suppose 3*f - 88 = 4*z, 5*f - 4*f + 3*z - 51 = 0. Suppose 0*r = -3*r - f. Let h be r/(-2)*(-3)/9. Let c(i) = 6*i + 3. Give c(h).
-9
Let b(c) = 2*c**3 + 1. Let t be b(-1). Let k(q) be the first derivative of -q**3/3 + 6*q**2 - 7*q + 1. Let y(z) = z - 1. Let j(a) = t*k(a) + 5*y(a). Give j(3).
-10
Let o(b) = 3*b**3 - 2*b**2 + 1. Let r(j) = -j**2 + 6*j - 10. Let l be r(3). Determine o(l).
-4
Let g(h) = h**2 - h - 1. Let a(i) = -i**3 + 9*i**2 + 23*i - 13. Let s be a(11). Give g(s).
5
Let g(k) = -k**3 - 4*k**2 + 6*k + 5. Let f be 91/(-14) + 3/2. Give g(f).
0
Let h = 33 + -40. Let z(o) = -o. Give z(h).
7
Let n(d) = 4*d**2 - 2*d + 7*d - 5*d**2 - 2. What is n(4)?
2
Let t be 4*((-21)/(-6) - 3). Suppose 7*y = t*y + 15. Let f(d) = d + 1. Calculate f(y).
4
Let r(z) = 4*z + 110. Let o be r(-26). Let h(s) = s - 3*s + 2 + s. Calculate h(o).
-4
Let z = -25 - -10. Let d = 10 + z. Let c(i) = i**2 + 6*i + 6. Calculate c(d).
1
Suppose 2*w + 8 - 10 = 0. Let c(f) = 8*f - 1. Give c(w).
7
Suppose 0 = -3*i - 5*b - 14, -2*i + 2 = -4*i + 4*b. Let t(n) = 4*n + 3. What is t(i)?
-9
Let y = -7 + 9. Suppose y*c - 1 = 1. Let a(g) = g**2 - g - c - 5*g - 6*g**2 + g**3. Calculate a(6).
-1
Let l(g) = -g**3 + 12*g**2 - 15*g + 47. Let a be l(11). Let j(v) be the third derivative of 0 + v**2 - 1/2*v**a + 0*v - 1/8*v**4. Give j(-3).
6
Let x(f) be the third derivative of 0*f**5 + f**2 + 1/6*f**3 - 1/12*f**4 + 0*f + 11/120*f**6 + 0. Suppose -4*s = -2 - 2. Determine x(s).
10
Let w(l) be the first derivative of -5*l**2/2 - l - 11. What is w(-2)?
9
Let o = 55 + -57. Let i(w) = 4*w**3 + 3*w**2 + 2*w + 1. Give i(o).
-23
Let s(y) be the first derivative of -2*y**3/3 + y**2/2 - 2. Determine s(2).
-6
Let t be 25/15*3*-1. Let y = -5 - t. Let n(z) be the first derivative of -z**4/4 + z**3/3 + z**2/2 - 2*z + 1. Determine n(y).
-2
Let v(h) = -h**3 - 7*h**2 - 6*h - 5. Suppose 16 = -14*n - 68. Calculate v(n).
-5
Suppose 0 = l + l + 20. Let c = -4 - l. Let i(r) = c + r**2 + 1 - 4 - 4*r. What is i(4)?
3
Let u = -17 + 8. Let z(x) = -x**2 - 10*x - 5. What is z(u)?
4
Let b = -7 - -7. Let k(i) = -i**2 + i + 4. Let u be k(b). Let j(p) be the second derivative of -p**4/12 + 2*p**3/3 - 2*p**2 + p. Give j(u).
-4
Let r(m) = m**3 + 9*m**2 - 22*m + 7. Let q be r(-11). Let i(u) = -u. What is i(q)?
-7
Let t = 2 - 1. Suppose -4*r + 19 + 13 = 5*h, 9 = 3*h - r. L